n factor of j and 220.
20
Let j be 392/32 - 10/8. Let a(q) = q**2 - 13*q - 19. Let w be a(15). Calculate the highest common divisor of w and j.
11
Let x = 610 - 594. What is the greatest common factor of 752 and x?
16
Let v = 130 + -32. Suppose 11*k - 15*k + 56 = 0. Calculate the greatest common divisor of v and k.
14
Suppose q + 1785 = 8*q. What is the highest common divisor of q and 15?
15
Let i(r) = r**3 + 18*r**2 + 26*r - 75. Let j be i(-16). What is the highest common divisor of j and 14?
7
Let f = -765 + 795. What is the highest common factor of f and 20?
10
Suppose -5*d + 3*d = -12. Suppose 22 = 3*m + 4*b, -3*m - 4 + 66 = -4*b. Let a = m + 10. What is the greatest common factor of a and d?
6
Suppose 5056 = 1267*y - 1259*y. What is the greatest common divisor of y and 79?
79
Let y(u) = -u**3 + 14*u**2 - u + 18. Let l(r) = r**3 - 5*r**2 + 5*r - 11. Let s be l(5). Let v be y(s). What is the highest common factor of v and 1?
1
Let z be 86 + -88 + 8 + 2/(-2). Calculate the greatest common divisor of 11 and z.
1
Suppose -2*t - 2*t + 392 = 0. What is the highest common factor of 28 and t?
14
Let w(h) = h**2 + 3*h - 1. Let o be w(2). Let l = -100 + -78. Let f = -97 - l. What is the highest common divisor of o and f?
9
Let s be (3 + -2)*0 - (-22)/11. Let h(g) = 11*g - 6. Let l be h(s). What is the highest common divisor of l and 2?
2
Let c(m) = m**2 + 5*m. Let x be c(-5). Suppose -2*p + 3*p - 176 = x. Suppose -3*r = -4*j - p, 0 = 2*j + 1 + 3. Calculate the greatest common divisor of 7 and r.
7
Suppose -3*i + 2*i + 4*x = 10, -26 = -5*i + x. Suppose -104 = i*n - 284. Calculate the highest common divisor of 45 and n.
15
Suppose -12 = -3*m, -7*m + 3*m = 2*v - 38. What is the highest common factor of 22 and v?
11
Suppose -2*c - 6 = 8. Let o = 19 + c. Suppose o = -i + 100. What is the greatest common factor of i and 8?
8
Let p be (-5)/2*(-3)/((-45)/(-6)). Suppose -p + 153 = 8*j. What is the greatest common divisor of 95 and j?
19
Let k = -231 + 126. Let t = 18 - k. Calculate the highest common factor of 41 and t.
41
Suppose 43*f - 38*f = -245. Let j = 55 + f. What is the greatest common divisor of 18 and j?
6
Let i = 5 + -3. Suppose h = 4*l - 0*l - 462, -i = h. Suppose t - 108 = -147*y + 142*y, 2 = y + 3*t. What is the greatest common factor of l and y?
23
Let g(a) = -6*a + 2. Let j be g(1). Let w be -1*68/j*1. Calculate the highest common divisor of w and 17.
17
Let c(g) = -g**3 - 23*g**2 + 50*g + 27. Let p be c(-25). What is the highest common divisor of 189 and p?
27
Let p be -5 + 7 - (-1)/(-1). Let c(s) = 3 + 5*s + 6*s - 3*s - p. Let d be c(2). Calculate the greatest common divisor of 9 and d.
9
Let s be 16/(-6)*6/(-1). Let u = 461 + -421. What is the highest common factor of s and u?
8
Let s be (28/3)/(41/246). What is the highest common divisor of s and 28?
28
Suppose 21*t = 755 + 1177. What is the highest common divisor of t and 1058?
46
Let i be (397 - 1)/(-2)*-1. What is the highest common factor of 54 and i?
18
Let a be (-57266)/(-95) - (6/10)/(-3). What is the greatest common factor of 9 and a?
9
Let v(w) = 21*w**2 + 2*w + 1. Let c be v(3). Calculate the greatest common divisor of c and 49.
49
Suppose -5*g - 143 = -5*f + 3*f, 5*f - 332 = 4*g. Calculate the highest common factor of f and 576.
64
Let d(j) = j**2 - 15*j + 34. Let t be d(12). Let q be 2/(-12)*t + (-4)/(-6). Calculate the greatest common factor of 2 and q.
1
Suppose 9*k - 3757 - 293 = 0. What is the highest common factor of k and 50?
50
Suppose -20 = 4*h, h = 2*o - 3*o - 2. Suppose -o*p + 87 = -138. What is the greatest common factor of 30 and p?
15
Suppose 3*z - 33 = -174. Let f = z - -54. Calculate the greatest common divisor of f and 7.
7
Let a = 191 + -91. Suppose 0 = -4*w - k + 78, -8*k = -4*w - 5*k + 86. Calculate the highest common factor of a and w.
20
Let l = 54 + -58. Let n be ((-16)/(-18))/l + (-990)/(-81). Calculate the greatest common factor of 54 and n.
6
Suppose f - 2*z = 44 - 18, -f - 2*z = -22. Suppose -f - 56 = -5*q + g, -2*g = 2*q - 32. Calculate the highest common factor of q and 40.
8
Let z = 226 - 128. Calculate the highest common factor of 21 and z.
7
Let v = 456 + -341. Calculate the greatest common factor of 69 and v.
23
Let x(i) = 5*i - 22. Let w be ((-4)/7)/(2/(-35)). Let c be x(w). Calculate the highest common factor of c and 21.
7
Let y(m) = m**3 + 2*m**2 - 10*m + 6. Let t be y(6). Suppose -18*i = -16*i - t. Calculate the greatest common divisor of i and 13.
13
Let h = 79 - 75. Suppose 4*s + 3*l = -s + 24, 3 = 3*s - 2*l. Let z be (6*s - 0) + 2. What is the greatest common divisor of z and h?
4
Let g(f) = f**3 + 20*f**2 + 13*f + 54. Let s be g(-18). Calculate the highest common divisor of 52 and s.
52
Let c be 19/3 + (-7)/21. Let p = 755 + -734. What is the highest common divisor of c and p?
3
Suppose 0*d - 141 = -r + 3*d, 5*r - 2*d = 666. What is the highest common factor of 627 and r?
33
Let m(f) = -3*f + 2*f**2 + 49 - 27 - 21*f**3 + 2*f - 24. Let q be m(-1). Calculate the highest common divisor of q and 66.
22
Suppose 5*g = 5, 7*g + 17 = v + 3*g. Let l be (-3 - (3 - 220)) + -4. What is the greatest common divisor of l and v?
21
Suppose 0 = -q - 41 + 233. Let h = -2 - -4. Let v be -48*(2 - 5/h). What is the highest common divisor of q and v?
24
Let b be -1*(2/14 - 2/14). Let v be (-6)/(-24)*b + 36 + -1. Let h = 176 + -106. Calculate the greatest common divisor of v and h.
35
Let y(d) = 21*d - 12. Let a be y(6). Suppose 4*z + a = 346. Suppose 4*p - p = 2*b + z, 5*p + b = 88. Calculate the highest common divisor of p and 162.
18
Let o be 5/(15/(-126)) + 0. Let n be 911/7 + 6/o. What is the greatest common divisor of 26 and n?
26
Let u = -549 + 599. What is the greatest common divisor of u and 425?
25
Let d(a) = a - 7*a + 3*a. Let y be d(-1). Suppose 0 = -y*z + 2*p + 602, -3*z + p + 847 = 249. Calculate the greatest common factor of z and 22.
22
Let m = -1171 + 1196. Calculate the greatest common factor of 775 and m.
25
Let j(d) = -d**3 + 21*d**2 - 17*d - 27. Let i be j(13). Suppose -i = -2*u - 4*u. What is the highest common divisor of u and 23?
23
Let g be 18/(-4)*(-24)/9. What is the highest common divisor of 24 and g?
12
Suppose 5*x - 569 = 571. Calculate the highest common divisor of x and 12.
12
Suppose -198 = -11*v + 55. Calculate the greatest common factor of 322 and v.
23
Let r(s) = -4*s**2 + 14*s - 14. Let z(u) = 5*u**2 - 13*u + 14. Let m(j) = 4*r(j) + 3*z(j). Let x be m(16). Calculate the greatest common divisor of 26 and x.
2
Let f = -390 + 405. What is the highest common factor of 12 and f?
3
Suppose 14 + 11 = 5*v, v = -d + 470. What is the greatest common divisor of d and 15?
15
Let c = 208 + -194. Let v(h) = h**2 - 2*h + 6. Let k be v(-3). What is the highest common factor of k and c?
7
Let w = -269 + 291. What is the greatest common factor of w and 6?
2
Let q = 420 + 701. What is the greatest common factor of q and 59?
59
Let v be 18/((4/3)/2). Suppose 316*s = -65*s + 25*s + 48060. Calculate the greatest common divisor of v and s.
27
Suppose -f + 2 = -u - 0, 10 = -5*u - f. Let b be -4 + 15 - -4 - u. Calculate the highest common divisor of 136 and b.
17
Suppose -3*t + 21 = -72. Let v = -31 + t. Suppose 4*n - 12 = v, 2*u + 3*u - n = 22. What is the greatest common divisor of u and 15?
5
Suppose 2*h = -2*z + 80, -2*h - 200 = -5*z - 3*h. Let s = -161 + 177. Calculate the highest common factor of z and s.
8
Suppose 3*w + 3*u - 138 = 0, -22*w - 120 = -24*w + 5*u. Let k = -8 - -18. What is the greatest common factor of k and w?
10
Let d be 11/((-33)/(-98)) - 16/(-12). What is the greatest common divisor of 4 and d?
2
Let p(m) = 2*m**2 - 10*m - 9. Let f be p(8). Let w = -21 + f. Suppose 12*s - 243 = -15*s. What is the greatest common divisor of s and w?
9
Let u(h) = 11*h + 112. Let i be u(-7). Calculate the highest common factor of i and 5.
5
Suppose 1 = 4*n - 3*n. Let f be 2*((-4)/2)/n. Let t be f/(8/6) + 9. Calculate the highest common factor of 48 and t.
6
Let k be (3/(-1))/((14/21)/(-2)). What is the highest common divisor of k and 153?
9
Suppose 5 = -z + 11. Suppose z*y + 2*v = 2*y + 258, 5*y = -5*v + 330. Calculate the greatest common factor of y and 7.
7
Let o be 2/(-7) + 74/14. Let x(j) = j - 6. Let a(s) = -1. Let h(y) = -14*a(y) +